?
2, 3, 17
Let d(p) = 3*p**3 - 2*p + 1. Suppose 0 = t - 1. Let a be d(t). Suppose -2*s - 2*s = a*w - 58, -5*s - w = -74. List the prime factors of s.
3, 5
Let b(q) = 2 + 62*q - 81*q - 135*q. Let l be b(1). What are the prime factors of (24/(-16))/(6/l)?
2, 19
Let h = 987 + -701. List the prime factors of h.
2, 11, 13
Suppose 0*c - 519 = 3*c. Let m = 310 + c. List the prime factors of m.
137
Let s(g) be the second derivative of -2*g**4/3 + g. Let h be s(1). What are the prime factors of (5 + -3)/((-2)/h)?
2
Suppose 0 = 4*f + 20, 5*i - f = -5*f. Let o be i - (-34 + (-3 - 0)). Let h = o - 16. What are the prime factors of h?
5
Suppose 0 = -3*f - 5*m + 88, -2*m = 5*f - 5*m - 90. Suppose f*w - 16*w = -395. Let o = w - -129. What are the prime factors of o?
2, 5
List the prime factors of (-32 + -39)/((-2)/20).
2, 5, 71
Let o be (-60)/18*(-468)/15. Let q(u) = -u**3 - 3*u**2 + 1. Let g be q(-5). Let c = o - g. What are the prime factors of c?
53
Let j(d) = 101*d**3 + d**2 + 4*d + 3. Let p be j(-1). List the prime factors of 2 - (1 - (1 - p)).
103
Let d = -20 - -25. Suppose 4*c + d*a - 329 = 0, 2*c + a - 165 = -8. What are the prime factors of c?
2, 19
Suppose -4*f + 2*v = -3284, -2*f - 2*f = 5*v - 3256. What are the prime factors of f?
3, 7, 13
Let p(r) = r**3 + 13*r**2 - r + 8. Let o be (-14 - 4/1)/(3/2). List the prime factors of p(o).
2, 41
Suppose 0 = -2*p - 0*k + 4*k + 408, -k = -5*p + 1047. What are the prime factors of p?
2, 3, 5, 7
What are the prime factors of (-18)/24 + 73*381/12?
7, 331
Suppose 2466 = 5*k + f, -4*k + 4*f + 1984 - 16 = 0. Suppose -k = -5*g + 447. What are the prime factors of g?
2, 47
Let n(g) = -g**3 - g**2 + g + 7. Let y be n(0). Suppose -79*o = -84*o + 2160. Suppose -y*i + o = -i. What are the prime factors of i?
2, 3
Suppose -4*v + 15 + 209 = 0. Suppose -4*a = -0*a + 5*i - v, 5*a - 33 = 3*i. List the prime factors of (a/3)/(2/16).
2, 3
Suppose -1 = 3*u + 29. Let o = u - -7. List the prime factors of o/(6/8) + 17.
13
Suppose 0 = -2*h - k + 3, 0 = -5*h - 7*k + 2*k + 15. Let a be h - (1 - (6 + 0)). List the prime factors of a - (1 - -2)/3.
2
Let m(t) = -3*t - 19. Let z be m(-7). Suppose -4*v - x = -283 - 40, v + z*x = 86. Suppose -v = -6*u + 2*u. List the prime factors of u.
2, 5
Let y be -1*(-5 + 235 + 5). Let o = y - -395. What are the prime factors of o?
2, 5
Let k(r) = -r**3 + 6*r**2 + 6*r + 9. Let z be k(7). Suppose -2*x + 151 = -d, z*x = 4*d - 0*d + 160. Let f = -38 + x. What are the prime factors of f?
2, 3
Let c(o) = 10*o - 399 + 402 + 19*o. List the prime factors of c(2).
61
Suppose 0 = -7*x - 30 + 86. Suppose -2*u - 2*s = -32, 3*u - 48 = s + x. What are the prime factors of u?
2, 3
Let s(b) = -b**3 - 3*b**2 - 3*b + 4. Let o be 4 - ((4 - 4) + -1). Suppose -3*u + 4*m + 18 = -o*u, -3*u - 2*m - 15 = 0. What are the prime factors of s(u)?
13
Let h(m) = m**3 + m**2 - m - 1. Let b be h(0). Let p be 5 + -4 - (b - -2). Suppose 0 = 2*w + 2*a - 62, p*w - 5*a - 43 = -w. List the prime factors of w.
3, 11
Suppose 0 = b - 1 - 11. Suppose -25 = a + 4*a, 3*a = 4*d - 27. Suppose 4*h - 110 - 6 = 2*t, 0 = -d*t - b. List the prime factors of h.
3
Let v = -207 + 143. Let l = v + 157. List the prime factors of l.
3, 31
Let x(w) = w**2 + w + 24. Let j be x(0). Suppose 3*f - j = f. List the prime factors of (f - 3)/1*1.
3
Let i(a) = a**2 + 13*a + 8. Let s be i(-13). Let x = s - 3. List the prime factors of x.
5
Suppose o - 1 - 3 = -3*i, i + 7 = -2*o. Suppose -3*m + a + 1233 = 433, -3*m + i*a + 798 = 0. What are the prime factors of m?
3, 89
Let j(x) = 2*x - 4*x**2 + 12*x + 3 + 2*x**2 + 3*x**2. Let v be j(-14). Suppose v*c = c + 82. What are the prime factors of c?
41
Suppose -10*d + 460 = -60. Let u = 82 - d. What are the prime factors of u?
2, 3, 5
Let p(s) = 6*s**2 - s - 4*s**2 + 0*s + 19*s**2. List the prime factors of p(-2).
2, 43
Let y be (4/4)/(4/60). Let d = y - -3. What are the prime factors of d?
2, 3
Suppose -5*b + 851 = -4*r + 3*r, -4*r + 529 = 3*b. List the prime factors of b.
3, 19
Let j(k) = 2*k**3 - 3*k**2 + 7*k + 12. Let o(y) = -y**3 + 4*y**2 - 6*y - 13. Let l(c) = 2*j(c) + 3*o(c). What are the prime factors of l(-6)?
3
What are the prime factors of -3 + 0 + 6 + 858?
3, 7, 41
Let g = 7241 - 4794. List the prime factors of g.
2447
Let d(n) = 3*n**2 + 2*n + 2. Let l be d(-5). Suppose -s + 193 = l. List the prime factors of s.
2, 3, 7
Let k = 226 - 100. Suppose 10*r = 3*r + k. What are the prime factors of r?
2, 3
Let n(z) = -z + 9. Let o be n(-8). Let y = o - 21. What are the prime factors of -10*(-2)/y*-5?
5
Let h = -420 + 1285. List the prime factors of h.
5, 173
Suppose 2*v + 0*v = 4*u - 3708, 2*u - 1862 = 5*v. List the prime factors of u.
2, 463
Let i(v) = -v + 3. Let d be i(2). Suppose 12 = n - d. List the prime factors of n.
13
Let m be (-3)/(0 - 3)*10. Let b = m + -7. Suppose 5*x - 34 = b*x. What are the prime factors of x?
17
What are the prime factors of 719/7 - 2/(-7)?
103
Let p(r) = -13*r + 10. Let h(i) = 53*i - 41. Let d(s) = 2*h(s) + 9*p(s). What are the prime factors of d(-5)?
3, 7
Suppose -3*g - u + 2*u = 90, 0 = g - 5*u + 44. Let i = g - -93. List the prime factors of i.
2
Let o(a) = -a**3 - 11*a**2 + 49*a + 74. List the prime factors of o(-21).
5, 691
Let b(a) = -30*a - 5. Let v(z) = z**3 + 7*z**2 + 7*z + 1. Let w be v(-6). Let k be 1 + -1 + w + 3. List the prime factors of b(k).
5, 11
Suppose -j = 310 + 218. Let d = j + 810. List the prime factors of d.
2, 3, 47
Suppose 10460 = 4*y + 2*q, 5*y = 4*y + 2*q + 2620. What are the prime factors of y?
2, 3, 109
Suppose -i = 3*t + 9, 0*t + 3*t = -6. Let k be (11/i)/(1/(-9)). Suppose 3*u = -0*u + k. List the prime factors of u.
11
Let d(y) = -y**3 + 3*y**2 - 3*y - 6. Let r be d(5). Let w = 8 - r. What are the prime factors of w?
79
Suppose 0*s + 8 = s. Let c be (-20)/(-6) + s/12. Suppose 2*d = -5*t + 10 + 1, t + c*d = -5. List the prime factors of t.
3
Let k(r) = -74*r**3 - 2*r**2 - 2*r - 1. Let x be k(-1). Suppose 0 = -0*z - 3*z + 3*a + 210, -x = -z + 2*a. What are the prime factors of z?
67
What are the prime factors of -163*(5 + (-6)/(-2)*-3)?
2, 163
Let b(k) = -1139*k + 5. Let m be b(-1). Suppose -2*j + m = 9*j. What are the prime factors of j?
2, 13
Let q(p) = 7*p**3 + 3*p**2 + 3*p - 1. Let u(y) = 20*y**3 + 9*y**2 + 10*y - 4. Let c(a) = -7*q(a) + 2*u(a). List the prime factors of c(-2).
61
Suppose -1091 = -5*r + 4*k, 2*r - r = -2*k + 221. Suppose 2*j + 5*n = r, 2*j = 6*j - 2*n - 378. What are the prime factors of j?
97
Suppose 4*u = 6*u - 448. Suppose -u*m + 220*m = -432. List the prime factors of m.
2, 3
Let f(y) = -y. Let s be f(4). List the prime factors of (72/(-20))/(s/30).
3
Let q be 9/(-6)*20/(-15). Let o(b) = -b + q*b**2 + 6*b**2 - 5*b**2. List the prime factors of o(-3).
2, 3, 5
Let j = 79 + -31. List the prime factors of j.
2, 3
Suppose -2*b + s + 13 = 0, 2*s + 19 = 5*b + 4*s. Suppose b*v = v + 5*h + 578, 0 = v + 2*h - 151. List the prime factors of v.
3, 7
Let m = 7 + -7. Let v = m - 4. What are the prime factors of 145/6 - v/(-24)?
2, 3
Let t be (-2 - 12/(-5)) + (-14470)/50. Let w = -169 - t. What are the prime factors of w?
2, 3, 5
Suppose 2*w = -4 - 2. Let c be (-110)/33 - 1/w. Let k = 0 - c. List the prime factors of k.
3
Let o = -143 - -212. List the prime factors of o - (7 + 15/(-5)).
5, 13
Suppose t = 3, 76*y + t - 4643 = 74*y. What are the prime factors of y?
2, 5, 29
Suppose -1 + 3 = i. Suppose -110 = -i*h - h + 2*x, -90 = -3*h - 3*x. Suppose 3*g = -5*o + h, -o + 50 = 3*g - 0*o. List the prime factors of g.
2, 3
Suppose 0 = 22*v - 22741 - 33095. List the prime factors of v.
2, 3, 47
Suppose -182 = 4*d - j - j, 3*d + 5*j + 143 = 0. Let r = 199 + -133. Let t = d + r. What are the prime factors of t?
2, 5
Let m(w) = w**2 + 12*w + 15. Let r be m(-11). Suppose 0*h + 3*d = h - 7, 0 = -r*h + 5*d + 35. List the prime factors of (h - 2)*(-4)/(-8).
2
Suppose 0 = i - 3*t - 16, 3*t + 2*t + 23 = -2*i. What are the prime factors of (i - 139)*(-4 - 35/(-10))?
3, 23
Let u = 11 + 42. Suppose -z = -18 - u. List the prime factors of z.
71
Suppose 0 = -7*f + 4*f - 5*k + 17, -5*f + k = -47. List the prime factors of (f/2 - 2)*12.
2, 3, 5
Let t = -4577 + 8499. List the prime factors of t.
2, 37, 53
Suppose 0*o = -o. Suppose -4*g - 2*y + 1112 = -0*y, 2*g - 5